of 6699.
3, 7, 11, 29
What are the prime factors of 891?
3, 11
List the prime factors of 6685.
5, 7, 191
What are the prime factors of 27498?
2, 3, 4583
What are the prime factors of 1876?
2, 7, 67
What are the prime factors of 71164?
2, 17791
What are the prime factors of 1315?
5, 263
List the prime factors of 9408.
2, 3, 7
List the prime factors of 2054.
2, 13, 79
List the prime factors of 14500.
2, 5, 29
List the prime factors of 3486.
2, 3, 7, 83
What are the prime factors of 341?
11, 31
List the prime factors of 186.
2, 3, 31
List the prime factors of 307.
307
What are the prime factors of 3640?
2, 5, 7, 13
What are the prime factors of 40764?
2, 3, 43, 79
What are the prime factors of 1227?
3, 409
List the prime factors of 206.
2, 103
List the prime factors of 9907.
9907
List the prime factors of 18269.
18269
List the prime factors of 3198.
2, 3, 13, 41
What are the prime factors of 3607?
3607
List the prime factors of 1473.
3, 491
What are the prime factors of 4717?
53, 89
List the prime factors of 2788.
2, 17, 41
List the prime factors of 4122.
2, 3, 229
List the prime factors of 29294.
2, 97, 151
What are the prime factors of 63585?
3, 5, 157
List the prime factors of 3157.
7, 11, 41
What are the prime factors of 3008?
2, 47
List the prime factors of 15857.
101, 157
List the prime factors of 10635.
3, 5, 709
List the prime factors of 51407.
51407
List the prime factors of 326.
2, 163
List the prime factors of 65602.
2, 32801
What are the prime factors of 34167?
3, 7, 1627
What are the prime factors of 144773?
144773
List the prime factors of 20890.
2, 5, 2089
List the prime factors of 18552.
2, 3, 773
List the prime factors of 1205.
5, 241
What are the prime factors of 2291?
29, 79
List the prime factors of 3167.
3167
List the prime factors of 2659.
2659
What are the prime factors of 9360?
2, 3, 5, 13
What are the prime factors of 26294?
2, 13147
What are the prime factors of 2261?
7, 17, 19
What are the prime factors of 1146?
2, 3, 191
What are the prime factors of 40973?
40973
What are the prime factors of 2326?
2, 1163
What are the prime factors of 1004?
2, 251
What are the prime factors of 1016?
2, 127
What are the prime factors of 38580?
2, 3, 5, 643
What are the prime factors of 10503?
3, 389
List the prime factors of 1679.
23, 73
What are the prime factors of 7103?
7103
List the prime factors of 13880.
2, 5, 347
List the prime factors of 1068.
2, 3, 89
What are the prime factors of 280?
2, 5, 7
What are the prime factors of 87150?
2, 3, 5, 7, 83
List the prime factors of 127980.
2, 3, 5, 79
What are the prime factors of 2741?
2741
What are the prime factors of 2319?
3, 773
What are the prime factors of 980?
2, 5, 7
List the prime factors of 1058.
2, 23
List the prime factors of 1894.
2, 947
List the prime factors of 1833.
3, 13, 47
List the prime factors of 863.
863
What are the prime factors of 14115?
3, 5, 941
What are the prime factors of 8844?
2, 3, 11, 67
What are the prime factors of 47700?
2, 3, 5, 53
What are the prime factors of 1350?
2, 3, 5
What are the prime factors of 5920?
2, 5, 37
List the prime factors of 41.
41
List the prime factors of 653.
653
What are the prime factors of 626?
2, 313
List the prime factors of 32365.
5, 6473
What are the prime factors of 18924?
2, 3, 19, 83
List the prime factors of 6743.
11, 613
List the prime factors of 2099.
2099
List the prime factors of 137423.
11, 13, 31
List the prime factors of 6961.
6961
What are the prime factors of 91547?
43, 2129
What are the prime factors of 8843?
37, 239
What are the prime factors of 10341?
3, 383
What are the prime factors of 36389?
36389
List the prime factors of 5021.
5021
List the prime factors of 38990.
2, 5, 7, 557
What are the prime factors of 5353?
53, 101
What are the prime factors of 401?
401
List the prime factors of 9138.
2, 3, 1523
What are the prime factors of 1065?
3, 5, 71
List the prime factors of 2597.
7, 53
List the prime factors of 119369.
79, 1511
What are the prime factors of 557?
557
What are the prime factors of 2149?
7, 307
What are the prime factors of 85118?
2, 11, 53, 73
What are the prime factors of 1834?
2, 7, 131
What are the prime factors of 2710?
2, 5, 271
List the prime factors of 14362.
2, 43, 167
What are the prime factors of 6119?
29, 211
What are the prime factors of 365?
5, 73
What are the prime factors of 970?
2, 5, 97
List the prime factors of 5615.
5, 1123
What are the prime factors of 5536?
2, 173
What are the prime factors of 1620?
2, 3, 5
What are the prime factors of 20198?
2, 10099
List the prime factors of 2423.
2423
List the prime factors of 4089.
3, 29, 47
List the prime factors of 6365.
5, 19, 67
What are the prime factors of 1433?
1433
What are the prime factors of 26394?
2, 3, 53, 83
List the prime factors of 847.
7, 11
What are the prime factors of 22691?
22691
What are the prime factors of 2278?
2, 17, 67
List the prime factors of 61773.
3, 59, 349
List the prime factors of 5840.
2, 5, 73
What are the prime factors of 67111?
11, 6101
What are the prime factors of 1981?
7, 283
List the prime factors of 2046.
2, 3, 11, 31
What are the prime factors of 77795?
5, 15559
List the prime factors of 731.
17, 43
List the prime factors of 17800.
2, 5, 89
List the prime factors of 7143.
3, 2381
List the prime factors of 56.
2, 7
List the prime factors of 3414.
2, 3, 569
What are the prime factors of 430?
2, 5, 43
List the prime factors of 25675.
5, 13, 79
List the prime factors of 25295.
5, 5059
What are the prime factors of 3669?
3, 1223
What are the prime factors of 12059?
31, 389
What are the prime factors of 90902?
2, 7, 43, 151
What are the prime factors of 812?
2, 7, 29
List the prime factors of 16.
2
List the prime factors of 531.
3, 59
List the prime factors of 2185.
5, 19, 23
What are the prime factors of 9111?
3, 3037
What are the prime factors of 113?
113
What are the prime factors of 875?
5, 7
What are the prime factors of 784?
2, 7
What are the prime factors of 27701?
27701
List the prime factors of 78449.
7, 1601
What are the prime factors of 798?
2, 3, 7, 19
What are the prime factors of 2940?
2, 3, 5, 7
What are the prime factors of 94241?
7, 13463
What are the prime factors of 622?
2, 311
List the prime factors of 20370.
2, 3, 5, 7, 97
What are the prime factors of 11133?
3, 1237
List the prime factors of 3796.
2, 13, 73
What are the prime factors of 2225?
5, 89
What are the prime factors of 988?
2, 13, 19
What are the prime factors of 11605?
5, 11, 211
What are the prime factors of 95425?
5, 11, 347
What are the prime factors of 51404?
2, 71, 181
What are the prime factors of 3615?
3, 5, 241
List the prime factors of 23894.
2, 13, 919
List the prime factors of 3136.
2, 7
List the prime factors of 2587.
13, 199
List the prime factors of 3426.
2, 3, 571
What are the prime factors of 162376?
2, 20297
List the prime factors of 82315.
5, 101, 163
What are the prime factors of 3726?
2, 3, 23
List the prime factors of 2978.
2, 1489
List the prime factors of 415.
5, 83
List the prime factors of 1298.
2, 11, 59
List the prime factors of 35305.
5, 23, 307
List the prime factors of 86036.
2, 137, 157
List the prime factors of 27681.
3, 9227
What are the prime factors of 33?
3, 11
What are the prime factors of 19512?
2, 3, 271
What are the prime factors of 1322?
2, 661
List the prime factors of 4232.
2, 23
List the prime factors of 2018.
2, 1009
List the prime factors of 5838.
2, 3, 7, 139
What are the prime factors of 2120?
2, 5, 53
What are the prime factors of 3478?
2, 37, 47
List the prime factors of 5214.
2, 3, 11, 79
List the prime factors of 588.
2, 3, 7
What are the prime factors of 1525?
5, 61
What are the prime factors of 1691?
19, 89
What are the prime factors of 9300?
2, 3, 5, 31
List the prime factors of 26449.
26449
List the prime factors of 1332.
2, 3, 37
What are the prime factors of 18218?
2, 9109
What are the prime factors of 521?
521
What are the prime factors of 1088?
2, 17
List the prime factors of 10496.
2, 41
What are the prime factors of 22959?
3, 2551
List the prime factors of 6638.
2, 3319
What are the prime factors of 3533?
3533
What are the prime factors of 43852?
2, 19, 577
What are the prime factors of 145?
5, 29
List the prime factors of 2294.
2, 31, 37
List the